 - 4. Let h(l) = 78*l - 13. Let y(z) = -4*h(z) + 13*v(z). What is y(1)?
26
Let d(k) = -k**2 + 5*k. Let z(n) = n**2 + n - 2. Let y be z(2). Give d(y).
4
Let f(o) = -o**2 + 9*o - 9. Let v be f(8). Let r(n) = -3*n. Determine r(v).
3
Let h = -63 - -64. Let p(t) = -20*t**2 + 1. Determine p(h).
-19
Let j(y) = -2 - 121*y - 3*y**2 + 4*y**2 + 121*y. Let s(v) = -3*v + 3. Let x be s(2). What is j(x)?
7
Suppose -4 + 8 = 2*z. Let w(h) be the third derivative of 0 - h**z + 1/3*h**3 + 0*h - 1/12*h**4. Give w(2).
-2
Suppose 0 = 2*p - p - 5. Let j(k) = k**3 - k**2. Let s(x) = -3*x**3 - 4*x. Let i(h) = 4*j(h) + s(h). Determine i(p).
5
Let z(c) = -c**2 + c - 2. Let u(n) = -5*n + 12. Let v be u(2). Determine z(v).
-4
Let a = -1 + 0. Let d(c) = 4*c**2 + 3 - 28*c + 29*c - 2 - 6*c**2. Give d(a).
-2
Let o(f) = f**3 - 4*f**2 - 1. Suppose -8 = -a - 4. Calculate o(a).
-1
Let i(a) = -293 + a**2 + a + 2*a + 293. What is i(-3)?
0
Let s(l) = 6*l - 3. Let j(k) = -k - 1. Let g(v) = 4*j(v) + s(v). Let p be g(6). Let t(w) = -2*w + 7. Give t(p).
-3
Let r(z) be the first derivative of -z**5/20 - 5*z**4/12 + z**3 + 3*z**2/2 - z + 2. Let c(w) be the first derivative of r(w). Determine c(-6).
3
Suppose -3 + 0 = 3*q. Let f be (q/3)/(2/(-12)). Let s(y) = -y**f - y + y. Give s(-2).
-4
Let m(c) = -3*c + 5*c + 1 + 2*c - 3*c. Suppose -p = -4*g - 12, 2*p - 3*p = -g. Give m(p).
-3
Let n(j) = -j**2 + 6*j - 5. Let f(a) = a**2 + 3*a - 5. Let c be f(2). Suppose 2*z = c + 3. Give n(z).
3
Suppose -4*q + 13 = 5*a, 2*a = 2*q + 3*q + 25. Let b(d) be the second derivative of d**3/6 - d**2 - 20*d. Let y be b(q). Let h(u) = u + 3. Determine h(y).
-2
Let z(x) = -6*x**2 + x. Let y(u) = -u**3 - 10*u**2 + 1. Let i be y(-10). Suppose 5 = 4*n + i. What is z(n)?
-5
Let c(q) = -q**3 - 8*q**2 + 9*q + 1. Let s be c(-9). Let f(l) = 3*l**2 - 2*l + 1. Calculate f(s).
2
Let c(b) = -b**2 + 7*b - 7. Suppose -2*w - 2*v - 8 = -7*v, 5*v = -2*w + 32. Suppose -20 = w*x - 10*x. Determine c(x).
3
Let p(z) = -2*z + 4. Let k be 1/(-2)*(1 - 9). What is p(k)?
-4
Let r(i) be the second derivative of -i**3/6 - 3*i**2/2 - i + 6. Calculate r(-3).
0
Let w be 6/3 + -4 - -4. Suppose -n + w = -4. Let i(j) = j**3 - 6*j**2 + 6. Calculate i(n).
6
Let o(k) = -4*k**2 - 9*k + 10. Let g(t) = -t**2. Let a(w) = 5*g(w) - o(w). Calculate a(7).
4
Let j(a) = -a**2 + 6*a - 6. Let i(k) = -5*k**3 + k**2. Let g be i(-1). Suppose -2*w + g*w = 20. Determine j(w).
-1
Let m(t) = t + 14. Let b be (-6)/27 + 366/(-54). What is m(b)?
7
Let s(n) = -4*n - 1. Let z(d) = 1. Let h(o) = 5*o - 2. Let w(y) = -h(y) - 4*z(y). Let r(t) = -3*s(t) + 2*w(t). What is r(1)?
1
Let o(j) be the first derivative of -3*j + 5/3*j**3 - j**2 + 1/4*j**4 + 4. Determine o(-5).
7
Let g = -7 + -3. Let o = 14 + g. Let t(p) = 8*p - o*p**2 - 1 - 7*p + 3*p**2 - 2*p**3. Calculate t(1).
-3
Let g(a) = -4*a - 15. Let k(o) = -6*o - 16. Let p(t) = -4*g(t) + 3*k(t). What is p(9)?
-6
Let t(d) be the second derivative of -d**3/6 - d**2/2 - 17*d. Calculate t(1).
-2
Let t(j) = 8*j**2 + 3*j - 6. Let u(x) = 7*x**2 - 3*x + 2. Let o(f) = -f**2 + f - 1. Let n(p) = -4*o(p) - u(p). Let c(i) = -11*n(i) - 4*t(i). What is c(2)?
4
Let x(j) = 3*j**3 + 2*j**2 + j. Let m = 9 - 5. Suppose -5 + m = c. Calculate x(c).
-2
Let d(x) = 10*x**3 - 25*x**2 + 25*x - 2. Let u(v) = 3*v**3 - 8*v**2 + 8*v - 1. Suppose -3*k + 10 = 2*k. Let r(o) = k*d(o) - 7*u(o). What is r(5)?
-2
Let s be 18/(-4)*(11 + -13). Let p(k) = k**2 - 7*k - 13. Give p(s).
5
Let y be (-2)/(-4) - (-81)/18. Let t(s) = s**2 - 8*s + 4. What is t(y)?
-11
Suppose -8*c + 3*c = -3*j + 9, 5*c + 6 = 2*j. Let f(b) = -b + 2. Determine f(j).
-1
Suppose -5*s = -u - 9, 3*u - 5*s - 4 = -11. Let j(w) = -16*w**2 - 3. Let d(b) = -8*b**2 - 1. Let n(c) = -5*d(c) + 2*j(c). Determine n(u).
7
Suppose -3 - 9 = -4*t. Suppose 2*n - t = 1. Let l(v) = -n*v**2 + 5*v + 3*v**2 - 10*v - 2. What is l(4)?
-6
Let q(d) = -d**3 + 15*d**2 + 15*d + 21. Let o be q(16). Let a(j) be the second derivative of -j**3/6 - 3*j**2/2 + 7*j. Give a(o).
-8
Let q(v) be the third derivative of -3*v**2 + 0*v + 0 + 0*v**3 - 1/12*v**4. Calculate q(3).
-6
Let n(z) = -11*z - 52. Let s be n(-5). Let v(d) = -d**3 + 2*d**2 + 2*d - 2. What is v(s)?
-5
Suppose 6 + 10 = 4*i. Let u be (1 - i)/(3/8). Let g(z) = z + 15. Calculate g(u).
7
Suppose 3*i - 12 = 2*j, -5*i + 4 = 3*j + 3. Let u(w) be the second derivative of 0*w**3 + i*w + 1/6*w**4 - 1/2*w**2 + 0 + 1/4*w**5. Give u(-1).
-4
Let x = 10 + -3. Let c(n) = -n**3 + 7*n**2 + n - 10. Determine c(x).
-3
Let j(l) = 3 + 35*l + l**3 - 15*l - 20*l + 6*l**2. What is j(-6)?
3
Let k(j) be the third derivative of -j**7/5040 + j**6/80 - j**5/60 - 2*j**2. Let l(c) be the third derivative of k(c). Let v = 6 + -2. Calculate l(v).
5
Let l(z) = -z**3 + 5*z**2 - 4*z + 6. Let p be l(4). Let x(o) = o - o + p + o + o. Give x(-4).
-2
Let l(b) = b**2 - b. Let n(x) be the third derivative of 0*x**4 + 0*x**5 + 1/120*x**6 + 0*x**3 + 0 + 2*x**2 + 0*x. Let t be n(1). Determine l(t).
0
Let v(u) = -23*u**2 - 17*u**2 + 7 + 33*u**2 + u**3 - 12*u. Calculate v(8).
-25
Let q be ((-24)/(-20))/((-6)/(-15)). Let z(w) = 3*w - 2. Give z(q).
7
Let h be 2 - (1 - 0)*3. Let g(m) be the third derivative of 0 - 1/8*m**4 - m**2 + 0*m - 1/6*m**3. Calculate g(h).
2
Let d(q) = -13*q**2 + 4*q - 12. Let w(h) = -2*h**2 - h - 1. Let v(p) = -d(p) + 6*w(p). Give v(7).
-15
Suppose 4 - 13 = -q + 2*x, -3*q = 2*x - 3. Suppose -2*j = -5*n - 22, q = -4*j - j - 2*n. Let a(o) = 7*o. Determine a(j).
7
Suppose -3*i + 3 - 12 = 0. Let b(a) = -a**3 - 3*a**2 + 2*a + 1. Calculate b(i).
-5
Let p be -1*(3 + 2 - 2). Let y(u) = 5*u + 2. Determine y(p).
-13
Let w(m) = -3*m**2 + 2*m + 4. Let a(d) = -7*d**2 + 4*d + 9. Let b(g) = -2*a(g) + 5*w(g). What is b(4)?
-6
Let u(l) be the third derivative of -l**4/12 - l**3/6 + 16*l**2. What is u(3)?
-7
Let y be (-1)/(-1) + 2/1. Let w(f) = -y*f**2 - 1 + 4 + 3*f - 4. Suppose -2*u - 3*m = -4, -4*u + m + m = -8. Determine w(u).
-7
Let t(c) = -2*c + 1. Let l = 17 - 14. Give t(l).
-5
Let p be (-4)/6*(-22 + 10). Let b(r) = 2*r + 2. Calculate b(p).
18
Let s(j) be the first derivative of j + 1 + 1/2*j**2. Let t(a) = -a**3 + 9*a**2 - 8*a - 4. Let c be t(8). Calculate s(c).
-3
Let g(x) = x - 1. Let b(d) = 4*d**2. Let a be b(-1). Suppose 2*m + 0 - 2 = 0, -5*l + 21 = -a*m. Let y = -4 + l. Calculate g(y).
0
Let s(a) = -a**3 + 3*a**2 - a. Let i be s(2). Let v(d) = 5*d**2 - 2*d + d**i + 5*d - 3*d**2 + 1. Give v(-2).
7
Let c be (-15)/(-6)*(-12)/6. Let z(i) = -2*i**2 - 6*i. Determine z(c).
-20
Suppose -3 = 3*l - 12. Let k(x) = x. Give k(l).
3
Let k(t) be the second derivative of t**5/20 - t**4 + 5*t**3/3 + 5*t**2/2 - 31*t. Give k(11).
-6
Let w(j) be the first derivative of j**2/2 + 3*j + 31. Give w(-8).
-5
Let f be (-64)/20 + 2/10. Let i(o) = 9*o**2 + 4*o - 4. Let w(k) = -4*k**2 - 2*k + 2. Let j(z) = -3*i(z) - 7*w(z). Calculate j(f).
1
Let o(t) = -6 - 4*t**2 + t - 10 + 10 - t**3. What is o(-5)?
14
Suppose -3*y + 2*c = -2*c + 3, -4*c = 5*y - 27. Let f be 1/(y/(-4))*3. Let x(u) = u - 1. Calculate x(f).
-5
Let a(q) = -2*q. Let s(x) = -5*x - 1. Let l(h) = -11*a(h) + 4*s(h). Suppose f = -v - f + 15, 2*v - 3*f - 23 = 0. Let y = v + -8. What is l(y)?
6
Let w(r) = -r**2 - 6*r - 4. Suppose 2*o = 7 - 17. Give w(o).
1
Suppose -4*s + z - 6*z + 14 = 0, -3*s + 24 = -3*z. Suppose -5*l - 9 = s. Let t(d) = -d**3 - 3*d**2 + 4. What is t(l)?
4
Let b(d) = -6*d**2 + 5*d + 2. Let z(v) be the third derivative of -7*v**5/60 + 5*v**4/24 + v**3/2 + 3*v**2. Let s(u) = 5*b(u) - 4*z(u). What is s(3)?
-5
Let s(y) = 3*y**2. Suppose 5*l = -z + 18, l - 5*l = -5*z - 55. Let g = z + 1. Let m be (2/g)/((-3)/(-9)). Give s(m).
3
Let a(b) be the first derivative of -2 - 6*b + 1/2*b**2. Calculate a(3).
-3
Suppose -10*k + 8*k = -14. Suppose -c + 0*l - k = 3*l, -3*l = 6. Let q(t) = -t**2 - 2*t - 1. Give q(c).
0
Let a(w) = -w**3 + 2*w**2 - w. Let f be a(1). Let l(m) = -m**2 - m + f*m + 0*m**2 - 1 - 7*m**3. Let d be 2 + 0 + 0 - 3. What is l(d)?
6
Suppose 0 = -t - 0*t - 6. Let h(i) = i**3 + 7*i**2 + 7*i + 9. Determine h(t).
3
Let f(p) be the third derivative of -p**6/120 + 2*p**5/15 - p**4/4 - 2*p**3/3 + 26*p**2. Determine f(7).
3
Suppose -m + 48 = 5*m. Let j(g) = g**3 - 9*g**2 + 10*g - 12. Determine j(m).
4
Let o(r) be the third derivative of r**4/24 + 2*r**2 - 12*r.